 -2*s + 86 = 4*a. Calculate the remainder when a is divided by i(-9).
10
Let d(t) = t**3 + 7*t**2 - 4*t - 10. Let i be d(-7). Suppose -2*m = -92 + i. Calculate the remainder when m is divided by 13.
11
Let x(o) = -3*o + 1. Let z be x(3). Calculate the remainder when (-885)/(-20) + 2/z is divided by 16.
12
Let w(b) = b**2 - 2*b - 4. Calculate the remainder when 14 is divided by w(-2).
2
Let t(p) = p**3 + p**2 + p. Let c be t(-2). Calculate the remainder when 29 is divided by c/(-10)*175/7.
14
Let n(o) be the third derivative of -o**6/120 - o**5/12 - o**4/24 + o**2. Calculate the remainder when 9 is divided by n(-5).
4
Let q(g) = g**2 + 9*g + 4. Calculate the remainder when 23 is divided by q(-9).
3
Suppose -5*j = -j - 28. Let l = -11 - -34. Suppose -5*p = -0*g - g + l, -22 = -2*g + 4*p. Calculate the remainder when j is divided by g.
1
Let g(w) = -2*w**2 + 18*w + 7. Suppose 2*l = -3*l + 110. Suppose 5*p = 3*v - 61, 0*v + l = v - 2*p. Calculate the remainder when g(8) is divided by v.
11
Let m(c) = -c**3 + 4*c**2 + 3*c - 4. Let r = 13 - 10. What is the remainder when ((-10)/15)/(2/(-159)) is divided by m(r)?
11
Let l(d) = d**3 - 3*d**2 - 3*d + 4. Let c be (10/(-3))/(2/(-3)). Let v be l(c). Suppose 2*m = 37 + v. Calculate the remainder when m is divided by 13.
12
Suppose -4*n = -3*n - 16. What is the remainder when 45 is divided by n?
13
Let k = -1 - -12. Calculate the remainder when k is divided by 4.
3
Let f = 1 - 11. Let q be ((-2)/(-4))/(1/f). Calculate the remainder when 12 is divided by (-33)/q - (-2)/5.
5
Let a = -31 - -47. Suppose -3*n = n + a, 0 = s + 5*n + 4. What is the remainder when s is divided by 9?
7
Let m = -38 - -57. Let z = -10 - -17. What is the remainder when m is divided by z?
5
Suppose 2*k - 11 - 13 = 0. What is the remainder when 45 is divided by k?
9
Suppose -4*r + 1 + 1 = -w, 5*w + 10 = r. What is the remainder when ((-132)/(-8) - -2)*2 is divided by -26*((-3)/w)/(-3)?
11
Let n = -5 - -19. Suppose q - 156 = -4*t, -3*t - 2*q + 100 = 3*q. What is the remainder when t is divided by n?
12
Suppose 2*o + 76 = 5*o + 2*q, 113 = 4*o + 5*q. Suppose -3*x + 123 = 2*f, 3*x - 2*f - 3*f - 144 = 0. Calculate the remainder when x is divided by o.
21
Let u be (-6)/(-27) + 1832/18. Let g = -70 + u. Calculate the remainder when g is divided by 11.
10
Let o(h) = -2*h**3 - h**2 - h. Calculate the remainder when (-2)/4 + 7/2 is divided by o(-1).
1
Let w = 17 - 12. Calculate the remainder when 19 is divided by w.
4
What is the remainder when 128 is divided by (-2)/10 - 262/(-10)?
24
Suppose 0*a + 2*a + 6 = -5*p, 5*a - 4*p = 18. Suppose -l - 2*x = a*x - 19, 0 = 5*x - 20. What is the remainder when 13 is divided by l?
1
Let j(q) = q**3 - 5*q**2 - 8*q - 4. Let x(u) = 4*u**3 - 19*u**2 - 33*u - 16. Let g(o) = -9*j(o) + 2*x(o). What is the remainder when g(7) is divided by 24?
22
Let l(y) = 3*y + 4. Let n(w) = 1. Let g(a) = -l(a) + 3*n(a). Let r(s) = s**3 - 4*s**2 - 7*s + 6. Let i be r(5). What is the remainder when g(i) is divided by 6?
5
Suppose 4*t + 4*c - 200 = 0, 4*t - c - 2*c = 228. Let g = -12 - -35. Let x = t - g. What is the remainder when x is divided by 11?
9
Let s(d) = 46*d**3 - 4*d**2 + d + 2. Calculate the remainder when s(2) is divided by 51.
50
Suppose 3*s = 191 + 106. Calculate the remainder when s is divided by 34.
31
Let l(u) = 11*u - 1. Let d be (1/(-4))/(1/(-4)). Suppose -3*j + 12 = 4*w, 0*w + 8 = 2*j - 4*w. Calculate the remainder when l(d) is divided by j.
2
Let j(m) = 14*m**2 + m + 3. What is the remainder when j(-2) is divided by 30?
27
Let x be (-300)/(-18)*(-33)/2. What is the remainder when x/(-15) - (-2)/3 is divided by 10?
9
Let h(o) = 7*o. Let t be (-6)/5 + (-2)/(-10). Let b be h(t). What is the remainder when 1 + -1 - 140/b is divided by 11?
9
Let j(q) = 2*q + 1. Let t be j(9). Suppose -2*l = 4, 5*u + 4*l - 33 = t. What is the remainder when 21 is divided by u?
9
Suppose 5*o - 2 + 75 = 2*g, g = -3*o + 20. Suppose g = -8*i + 9*i. What is the remainder when i is divided by 10?
9
Let y(h) = 4 - h**2 - h + 3*h**2 + 0*h**2. Let u be (-3)/((-12)/(-8)) + 7. What is the remainder when y(u) is divided by 17?
15
Let d(f) = f**3 - 2*f + 5. Suppose -6*z - 20 = -11*z. Calculate the remainder when d(z) is divided by 21.
19
Let z(f) = 6*f**2 - 1. Let g be z(-2). Let t = 11 + g. Calculate the remainder when t is divided by (-18 + 0)*1/(-1).
16
Let o = 454 - 226. Suppose 0 = -2*q + 2*p + o, -q - 2*p + 4*p = -111. What is the remainder when q is divided by 30?
27
Let s = 74 + -34. Suppose -5*i + 5*m + 35 = 0, 0 = 4*i - 3*m - s + 14. Suppose -b = -i*b + 24. Calculate the remainder when 17 is divided by b.
5
Suppose -6*q = -0*q. Suppose q = 5*n - 17 - 13. Calculate the remainder when 16 is divided by n.
4
Suppose h + 630 = 4*m - 93, -2*m + 3*h = -359. Let o = -121 + m. Calculate the remainder when o is divided by 16.
12
Suppose 0 = k - 4*k + 90. Suppose 3*s - k = -q - 2*q, 0 = 5*q - 4*s - 77. Calculate the remainder when 38 is divided by q.
12
Suppose -4*q - 2*p = -224, 0*q - q = 2*p - 59. Suppose -2*u + 81 + 31 = -5*b, 3*u = 5*b + 113. Let d = b + 41. What is the remainder when q is divided by d?
17
Suppose 0 = -o + 2*i + 113, -440 = o - 5*o + 4*i. What is the remainder when o is divided by 28?
23
Suppose -2*j - 3*r = -0*r - 179, -3*r = -3*j + 246. Calculate the remainder when j is divided by 30.
25
Let h(o) = -5*o + 7. Let m be h(5). Let q be 4/(-18) - 1462/m. Suppose q = 4*k - 23. What is the remainder when k is divided by 14?
12
Let a(z) = -z**3 + 3*z**2 + 6*z - 5. Let l = -1 - -5. What is the remainder when 9 is divided by a(l)?
0
Let h = -8 + 21. Let y = -3 + h. What is the remainder when 18 is divided by y?
8
Suppose 7*u = 5*u + 8. Suppose u*l - 3*l = 45. What is the remainder when l is divided by 12?
9
Let n = -88 + 132. What is the remainder when n is divided by 9?
8
Let j = 87 + -75. Let h(n) = n**3 + n**2 + 23. What is the remainder when h(0) is divided by j?
11
Let p = 4 - 1. Suppose -p*s + 11 = f, 0 = -f - 2*s - 1 + 9. Calculate the remainder when f is divided by 2.
0
Suppose 2*r + 43 = 3*j + 5, j - 11 = r. Let h(b) = b**3 + 18*b**2 + 12*b - 40. What is the remainder when h(-17) is divided by j?
13
Let o be (-4)/(0 + (0 - 4)). Let c = 23 + o. What is the remainder when c is divided by 13?
11
Let z(j) = j - 2. Let v(m) = -m + 5. Let b be v(0). Calculate the remainder when z(b) is divided by 3.
0
Let u(n) = -n**2 + 3*n - 1. Let q be u(2). Suppose q + 2 = i. What is the remainder when 5 is divided by i?
2
Suppose 0 = -3*b - o - 5, -3*b + 6*o - 2*o + 20 = 0. Suppose q - 6*q + 335 = b. Calculate the remainder when q is divided by 23.
21
Suppose v + 4*v + 15 = 0. Let l = 9 + v. What is the remainder when 16 is divided by l?
4
Let m(z) = z**3 - 22*z**2 + 28. What is the remainder when 55 is divided by m(22)?
27
Let z = 18 - 26. Let w = 31 - z. What is the remainder when w is divided by 20?
19
Suppose 6*m - 238 = -m. What is the remainder when m is divided by 9?
7
Let g(m) = -30*m + 19. What is the remainder when g(-6) is divided by 50?
49
Let s(c) = -c**2 - 7*c + 3. Suppose 5*y - 1 = f, -2*y - y - 3 = 0. What is the remainder when 25 is divided by s(f)?
7
Let a(x) = -x - 11. Let n be a(0). Let j = n - -18. What is the remainder when 19 is divided by j?
5
Suppose 5*x = -5*g + 50, 2*x - 4*x + 4*g = -14. Calculate the remainder when x - (-1)/(-3)*3 is divided by 3.
2
Suppose 5*g - 16 - 37 = -t, -g + t + 13 = 0. Suppose -r + g = b + 28, -3*r - 35 = -b. What is the remainder when 3/(-1) - (r - 1) is divided by 4?
3
Let j(c) = c**2 - 15*c + 59. What is the remainder when j(14) is divided by 25?
20
Suppose -4*k - 160 = -4*m, m + 5*k = -0*k + 28. Suppose -4*n - 20 = w - 70, 10 = -5*w. Calculate the remainder when m is divided by n.
12
Let s = -41 - -66. Suppose 5*b - 140 = h, -4*b + h + 83 = 6*h. Suppose 0 = f + 2*f - b. Calculate the remainder when s is divided by f.
7
What is the remainder when 26 is divided by ((-80)/100)/(1/(-5)*1)?
2
Suppose -1 = 2*d - 15. Calculate the remainder when 19 is divided by d.
5
What is the remainder when (-5 - (-27)/6)*-66 is divided by 4?
1
Suppose -11*h + 7*h + 44 = 0. Calculate the remainder when 75 is divided by h.
9
Let h be (2/(-3))/(2/(-15)). Suppose 4*g + 31 = 5*p + 6*g, 0 = 3*p - h*g - 31. Let